{"id":2944,"date":"2026-08-19T09:46:34","date_gmt":"2026-08-19T07:46:34","guid":{"rendered":"https:\/\/sustainabledevelopment.gov.mt\/?post_type=event&#038;p=2944"},"modified":"2026-08-19T09:46:34","modified_gmt":"2026-08-19T07:46:34","slug":"lejla-fil-park-2026","status":"publish","type":"event","link":"https:\/\/sustainabledevelopment.gov.mt\/mt\/event\/lejla-fil-park-2026\/","title":{"rendered":"Lejla fil-Park 2026"},"content":{"rendered":"<div class=\"xdj266r x14z9mp xat24cr x1lziwak x1vvkbs x126k92a\">\n<div dir=\"auto\"><br class=\"avia-permanent-lb\" \/>Lejla fil-Park: log\u0127ob, sport, ikel u divertiment g\u0127all-familja kollha!<\/div>\n<div dir=\"auto\"><br class=\"avia-permanent-lb\" \/>Ing\u0127aqad mag\u0127na g\u0127al lejla mimlija attivitajiet edukattivi, sportivi u log\u0127ob g\u0127all-kbar u \u017c-\u017cg\u0127ar.<\/div>\n<\/div>\n<div class=\"x14z9mp xat24cr x1lziwak x1vvkbs xtlvy1s x126k92a\">\n<div dir=\"auto\"><br class=\"avia-permanent-lb\" \/>Iltaqa\u2019 ma\u2019 entitajiet governattivi, g\u0127aqdiet sportivi u volontarji u sir af aktar dwar kif tg\u0127ix \u0127ajja aktar sostenibbli u b\u2019sa\u0127\u0127itha.<\/div>\n<\/div>\n<div class=\"x14z9mp xat24cr x1lziwak x1vvkbs xtlvy1s x126k92a\">\n<div dir=\"auto\"><strong> <br class=\"avia-permanent-lb\" \/>Data:<\/strong> Il-\u0120img\u0127a, 18 ta&#8217; Settembru 2026<\/div>\n<div dir=\"auto\"><strong>\u0126in:<\/strong> 6pm \u2018il quddiem<\/div>\n<div dir=\"auto\"><strong>Post:<\/strong> Park ta\u2019 San Klement, \u0126a\u017c-\u017babbar<\/div>\n<\/div>\n<div class=\"x14z9mp xat24cr x1lziwak x1vvkbs xtlvy1s x126k92a\">\n<div dir=\"auto\"><br class=\"avia-permanent-lb\" \/>D\u0127ul b&#8217;xejn!<\/div>\n<\/div>\n","protected":false},"excerpt":{"rendered":"<p>Lejla fil-Park: log\u0127ob, sport, ikel u divertiment g\u0127all-familja kollha! Ing\u0127aqad mag\u0127na g\u0127al lejla mimlija attivitajiet edukattivi, sportivi u log\u0127ob g\u0127all-kbar u \u017c-\u017cg\u0127ar. Iltaqa\u2019 ma\u2019 entitajiet governattivi, g\u0127aqdiet sportivi u volontarji u sir af aktar dwar kif tg\u0127ix \u0127ajja aktar sostenibbli u b\u2019sa\u0127\u0127itha. Data: Il-\u0120img\u0127a, 18 ta&#8217; Settembru 2026 \u0126in: 6pm \u2018il quddiem Post: Park ta\u2019 [&hellip;]<\/p>\n","protected":false},"featured_media":2933,"template":"","class_list":["post-2944","event","type-event","status-publish","has-post-thumbnail","hentry"],"acf":[],"yoast_head":"<!-- This site is optimized with the Yoast SEO plugin v28.2 - https:\/\/yoast.com\/product\/yoast-seo-wordpress\/ -->\n<title>Lejla fil-Park 2026 - Sustainable Development<\/title>\n<meta name=\"robots\" content=\"index, follow, max-snippet:-1, max-image-preview:large, max-video-preview:-1\" \/>\n<link rel=\"canonical\" href=\"https:\/\/sustainabledevelopment.gov.mt\/mt\/event\/lejla-fil-park-2026\/\" \/>\n<meta property=\"og:locale\" content=\"en_US\" \/>\n<meta property=\"og:type\" content=\"article\" \/>\n<meta property=\"og:title\" content=\"Lejla fil-Park 2026 - Sustainable Development\" \/>\n<meta property=\"og:description\" content=\"Lejla fil-Park: log\u0127ob, sport, ikel u divertiment g\u0127all-familja kollha! Ing\u0127aqad mag\u0127na g\u0127al lejla mimlija attivitajiet edukattivi, sportivi u log\u0127ob g\u0127all-kbar u \u017c-\u017cg\u0127ar. Iltaqa\u2019 ma\u2019 entitajiet governattivi, g\u0127aqdiet sportivi u volontarji u sir af aktar dwar kif tg\u0127ix \u0127ajja aktar sostenibbli u b\u2019sa\u0127\u0127itha. Data: Il-\u0120img\u0127a, 18 ta&#8217; Settembru 2026 \u0126in: 6pm \u2018il quddiem Post: Park ta\u2019 [&hellip;]\" \/>\n<meta property=\"og:url\" content=\"https:\/\/sustainabledevelopment.gov.mt\/mt\/event\/lejla-fil-park-2026\/\" \/>\n<meta property=\"og:site_name\" content=\"Sustainable Development\" \/>\n<meta property=\"og:image\" content=\"https:\/\/sustainabledevelopment.gov.mt\/wp-content\/uploads\/2026\/08\/CoverPhoto-2.png\" \/>\n\t<meta property=\"og:image:width\" content=\"1640\" \/>\n\t<meta property=\"og:image:height\" content=\"720\" \/>\n\t<meta property=\"og:image:type\" content=\"image\/png\" \/>\n<meta name=\"twitter:card\" content=\"summary_large_image\" \/>\n<meta name=\"twitter:label1\" content=\"Est. reading time\" \/>\n\t<meta name=\"twitter:data1\" content=\"1 minute\" \/>\n<script type=\"application\/ld+json\" class=\"yoast-schema-graph\">{\"@context\":\"https:\\\/\\\/schema.org\",\"@graph\":[{\"@type\":\"WebPage\",\"@id\":\"https:\\\/\\\/sustainabledevelopment.gov.mt\\\/mt\\\/event\\\/lejla-fil-park-2026\\\/\",\"url\":\"https:\\\/\\\/sustainabledevelopment.gov.mt\\\/mt\\\/event\\\/lejla-fil-park-2026\\\/\",\"name\":\"Lejla fil-Park 2026 - Sustainable Development\",\"isPartOf\":{\"@id\":\"https:\\\/\\\/sustainabledevelopment.gov.mt\\\/#website\"},\"primaryImageOfPage\":{\"@id\":\"https:\\\/\\\/sustainabledevelopment.gov.mt\\\/mt\\\/event\\\/lejla-fil-park-2026\\\/#primaryimage\"},\"image\":{\"@id\":\"https:\\\/\\\/sustainabledevelopment.gov.mt\\\/mt\\\/event\\\/lejla-fil-park-2026\\\/#primaryimage\"},\"thumbnailUrl\":\"\\\/wp-content\\\/uploads\\\/2026\\\/08\\\/CoverPhoto-2.png\",\"datePublished\":\"2026-08-19T07:46:34+00:00\",\"breadcrumb\":{\"@id\":\"https:\\\/\\\/sustainabledevelopment.gov.mt\\\/mt\\\/event\\\/lejla-fil-park-2026\\\/#breadcrumb\"},\"inLanguage\":\"mlt\",\"potentialAction\":[{\"@type\":\"ReadAction\",\"target\":[\"https:\\\/\\\/sustainabledevelopment.gov.mt\\\/mt\\\/event\\\/lejla-fil-park-2026\\\/\"]}]},{\"@type\":\"ImageObject\",\"inLanguage\":\"mlt\",\"@id\":\"https:\\\/\\\/sustainabledevelopment.gov.mt\\\/mt\\\/event\\\/lejla-fil-park-2026\\\/#primaryimage\",\"url\":\"\\\/wp-content\\\/uploads\\\/2026\\\/08\\\/CoverPhoto-2.png\",\"contentUrl\":\"\\\/wp-content\\\/uploads\\\/2026\\\/08\\\/CoverPhoto-2.png\",\"width\":1640,\"height\":720},{\"@type\":\"BreadcrumbList\",\"@id\":\"https:\\\/\\\/sustainabledevelopment.gov.mt\\\/mt\\\/event\\\/lejla-fil-park-2026\\\/#breadcrumb\",\"itemListElement\":[{\"@type\":\"ListItem\",\"position\":1,\"name\":\"Home\",\"item\":\"https:\\\/\\\/sustainabledevelopment.gov.mt\\\/mt\\\/home\\\/\"},{\"@type\":\"ListItem\",\"position\":2,\"name\":\"Events\",\"item\":\"https:\\\/\\\/sustainabledevelopment.gov.mt\\\/event\\\/\"},{\"@type\":\"ListItem\",\"position\":3,\"name\":\"Lejla fil-Park 2026\"}]},{\"@type\":\"WebSite\",\"@id\":\"https:\\\/\\\/sustainabledevelopment.gov.mt\\\/#website\",\"url\":\"https:\\\/\\\/sustainabledevelopment.gov.mt\\\/\",\"name\":\"Sustainable Development\",\"description\":\"Environment, Society, Economy\",\"potentialAction\":[{\"@type\":\"SearchAction\",\"target\":{\"@type\":\"EntryPoint\",\"urlTemplate\":\"https:\\\/\\\/sustainabledevelopment.gov.mt\\\/?s={search_term_string}\"},\"query-input\":{\"@type\":\"PropertyValueSpecification\",\"valueRequired\":true,\"valueName\":\"search_term_string\"}}],\"inLanguage\":\"mlt\"}]}<\/script>\n<!-- \/ Yoast SEO plugin. -->","yoast_head_json":{"title":"Lejla fil-Park 2026 - Sustainable Development","robots":{"index":"index","follow":"follow","max-snippet":"max-snippet:-1","max-image-preview":"max-image-preview:large","max-video-preview":"max-video-preview:-1"},"canonical":"https:\/\/sustainabledevelopment.gov.mt\/mt\/event\/lejla-fil-park-2026\/","og_locale":"en_US","og_type":"article","og_title":"Lejla fil-Park 2026 - Sustainable Development","og_description":"Lejla fil-Park: log\u0127ob, sport, ikel u divertiment g\u0127all-familja kollha! Ing\u0127aqad mag\u0127na g\u0127al lejla mimlija attivitajiet edukattivi, sportivi u log\u0127ob g\u0127all-kbar u \u017c-\u017cg\u0127ar. Iltaqa\u2019 ma\u2019 entitajiet governattivi, g\u0127aqdiet sportivi u volontarji u sir af aktar dwar kif tg\u0127ix \u0127ajja aktar sostenibbli u b\u2019sa\u0127\u0127itha. Data: Il-\u0120img\u0127a, 18 ta&#8217; Settembru 2026 \u0126in: 6pm \u2018il quddiem Post: Park ta\u2019 [&hellip;]","og_url":"https:\/\/sustainabledevelopment.gov.mt\/mt\/event\/lejla-fil-park-2026\/","og_site_name":"Sustainable Development","og_image":[{"width":1640,"height":720,"url":"https:\/\/sustainabledevelopment.gov.mt\/wp-content\/uploads\/2026\/08\/CoverPhoto-2.png","type":"image\/png"}],"twitter_card":"summary_large_image","twitter_misc":{"Est. reading time":"1 minute"},"schema":{"@context":"https:\/\/schema.org","@graph":[{"@type":"WebPage","@id":"https:\/\/sustainabledevelopment.gov.mt\/mt\/event\/lejla-fil-park-2026\/","url":"https:\/\/sustainabledevelopment.gov.mt\/mt\/event\/lejla-fil-park-2026\/","name":"Lejla fil-Park 2026 - Sustainable Development","isPartOf":{"@id":"https:\/\/sustainabledevelopment.gov.mt\/#website"},"primaryImageOfPage":{"@id":"https:\/\/sustainabledevelopment.gov.mt\/mt\/event\/lejla-fil-park-2026\/#primaryimage"},"image":{"@id":"https:\/\/sustainabledevelopment.gov.mt\/mt\/event\/lejla-fil-park-2026\/#primaryimage"},"thumbnailUrl":"\/wp-content\/uploads\/2026\/08\/CoverPhoto-2.png","datePublished":"2026-08-19T07:46:34+00:00","breadcrumb":{"@id":"https:\/\/sustainabledevelopment.gov.mt\/mt\/event\/lejla-fil-park-2026\/#breadcrumb"},"inLanguage":"mlt","potentialAction":[{"@type":"ReadAction","target":["https:\/\/sustainabledevelopment.gov.mt\/mt\/event\/lejla-fil-park-2026\/"]}]},{"@type":"ImageObject","inLanguage":"mlt","@id":"https:\/\/sustainabledevelopment.gov.mt\/mt\/event\/lejla-fil-park-2026\/#primaryimage","url":"\/wp-content\/uploads\/2026\/08\/CoverPhoto-2.png","contentUrl":"\/wp-content\/uploads\/2026\/08\/CoverPhoto-2.png","width":1640,"height":720},{"@type":"BreadcrumbList","@id":"https:\/\/sustainabledevelopment.gov.mt\/mt\/event\/lejla-fil-park-2026\/#breadcrumb","itemListElement":[{"@type":"ListItem","position":1,"name":"Home","item":"https:\/\/sustainabledevelopment.gov.mt\/mt\/home\/"},{"@type":"ListItem","position":2,"name":"Events","item":"https:\/\/sustainabledevelopment.gov.mt\/event\/"},{"@type":"ListItem","position":3,"name":"Lejla fil-Park 2026"}]},{"@type":"WebSite","@id":"https:\/\/sustainabledevelopment.gov.mt\/#website","url":"https:\/\/sustainabledevelopment.gov.mt\/","name":"Sustainable Development","description":"Environment, Society, Economy","potentialAction":[{"@type":"SearchAction","target":{"@type":"EntryPoint","urlTemplate":"https:\/\/sustainabledevelopment.gov.mt\/?s={search_term_string}"},"query-input":{"@type":"PropertyValueSpecification","valueRequired":true,"valueName":"search_term_string"}}],"inLanguage":"mlt"}]}},"_links":{"self":[{"href":"https:\/\/sustainabledevelopment.gov.mt\/mt\/wp-json\/wp\/v2\/event\/2944","targetHints":{"allow":["GET"]}}],"collection":[{"href":"https:\/\/sustainabledevelopment.gov.mt\/mt\/wp-json\/wp\/v2\/event"}],"about":[{"href":"https:\/\/sustainabledevelopment.gov.mt\/mt\/wp-json\/wp\/v2\/types\/event"}],"version-history":[{"count":4,"href":"https:\/\/sustainabledevelopment.gov.mt\/mt\/wp-json\/wp\/v2\/event\/2944\/revisions"}],"predecessor-version":[{"id":2948,"href":"https:\/\/sustainabledevelopment.gov.mt\/mt\/wp-json\/wp\/v2\/event\/2944\/revisions\/2948"}],"wp:featuredmedia":[{"embeddable":true,"href":"https:\/\/sustainabledevelopment.gov.mt\/mt\/wp-json\/wp\/v2\/media\/2933"}],"wp:attachment":[{"href":"https:\/\/sustainabledevelopment.gov.mt\/mt\/wp-json\/wp\/v2\/media?parent=2944"}],"curies":[{"name":"wp","href":"https:\/\/api.w.org\/{rel}","templated":true}]}}

<div class="xdj266r x14z9mp xat24cr x1lziwak x1vvkbs x126k92a">
<div dir="auto"><br class="avia-permanent-lb" />Lejla fil-Park: logħob, sport, ikel u divertiment għall-familja kollha!</div>
<div dir="auto"><br class="avia-permanent-lb" />Ingħaqad magħna għal lejla mimlija attivitajiet edukattivi, sportivi u logħob għall-kbar u ż-żgħar.</div>
</div>
<div class="x14z9mp xat24cr x1lziwak x1vvkbs xtlvy1s x126k92a">
<div dir="auto"><br class="avia-permanent-lb" />Iltaqa’ ma’ entitajiet governattivi, għaqdiet sportivi u volontarji u sir af aktar dwar kif tgħix ħajja aktar sostenibbli u b’saħħitha.</div>
</div>
<div class="x14z9mp xat24cr x1lziwak x1vvkbs xtlvy1s x126k92a">
<div dir="auto"><strong> <br class="avia-permanent-lb" />Data:</strong> Il-Ġimgħa, 18 ta&#8217; Settembru 2026</div>
<div dir="auto"><strong>Ħin:</strong> 6pm ‘il quddiem</div>
<div dir="auto"><strong>Post:</strong> Park ta’ San Klement, Ħaż-Żabbar</div>
</div>
<div class="x14z9mp xat24cr x1lziwak x1vvkbs xtlvy1s x126k92a">
<div dir="auto"><br class="avia-permanent-lb" />Dħul b&#8217;xejn!</div>
</div>

<p>Lejla fil-Park: logħob, sport, ikel u divertiment għall-familja kollha! Ingħaqad magħna għal lejla mimlija attivitajiet edukattivi, sportivi u logħob għall-kbar u ż-żgħar. Iltaqa’ ma’ entitajiet governattivi, għaqdiet sportivi u volontarji u sir af aktar dwar kif tgħix ħajja aktar sostenibbli u b’saħħitha. Data: Il-Ġimgħa, 18 ta&#8217; Settembru 2026 Ħin: 6pm ‘il quddiem Post: Park ta’ [&hellip;]</p>

<!-- This site is optimized with the Yoast SEO plugin v28.2 - https://yoast.com/product/yoast-seo-wordpress/ -->
<title>Lejla fil-Park 2026 - Sustainable Development</title>
<meta name="robots" content="index, follow, max-snippet:-1, max-image-preview:large, max-video-preview:-1" />
<link rel="canonical" href="https://sustainabledevelopment.gov.mt/mt/event/lejla-fil-park-2026/" />
<meta property="og:locale" content="en_US" />
<meta property="og:type" content="article" />
<meta property="og:title" content="Lejla fil-Park 2026 - Sustainable Development" />
<meta property="og:description" content="Lejla fil-Park: logħob, sport, ikel u divertiment għall-familja kollha! Ingħaqad magħna għal lejla mimlija attivitajiet edukattivi, sportivi u logħob għall-kbar u ż-żgħar. Iltaqa’ ma’ entitajiet governattivi, għaqdiet sportivi u volontarji u sir af aktar dwar kif tgħix ħajja aktar sostenibbli u b’saħħitha. Data: Il-Ġimgħa, 18 ta&#8217; Settembru 2026 Ħin: 6pm ‘il quddiem Post: Park ta’ [&hellip;]" />
<meta property="og:url" content="https://sustainabledevelopment.gov.mt/mt/event/lejla-fil-park-2026/" />
<meta property="og:site_name" content="Sustainable Development" />
<meta property="og:image" content="https://sustainabledevelopment.gov.mt/wp-content/uploads/2026/08/CoverPhoto-2.png" />
	<meta property="og:image:width" content="1640" />
	<meta property="og:image:height" content="720" />
	<meta property="og:image:type" content="image/png" />
<meta name="twitter:card" content="summary_large_image" />
<meta name="twitter:label1" content="Est. reading time" />
	<meta name="twitter:data1" content="1 minute" />
<script type="application/ld+json" class="yoast-schema-graph">{"@context":"https:\/\/schema.org","@graph":[{"@type":"WebPage","@id":"https:\/\/sustainabledevelopment.gov.mt\/mt\/event\/lejla-fil-park-2026\/","url":"https:\/\/sustainabledevelopment.gov.mt\/mt\/event\/lejla-fil-park-2026\/","name":"Lejla fil-Park 2026 - Sustainable Development","isPartOf":{"@id":"https:\/\/sustainabledevelopment.gov.mt\/#website"},"primaryImageOfPage":{"@id":"https:\/\/sustainabledevelopment.gov.mt\/mt\/event\/lejla-fil-park-2026\/#primaryimage"},"image":{"@id":"https:\/\/sustainabledevelopment.gov.mt\/mt\/event\/lejla-fil-park-2026\/#primaryimage"},"thumbnailUrl":"\/wp-content\/uploads\/2026\/08\/CoverPhoto-2.png","datePublished":"2026-08-19T07:46:34+00:00","breadcrumb":{"@id":"https:\/\/sustainabledevelopment.gov.mt\/mt\/event\/lejla-fil-park-2026\/#breadcrumb"},"inLanguage":"mlt","potentialAction":[{"@type":"ReadAction","target":["https:\/\/sustainabledevelopment.gov.mt\/mt\/event\/lejla-fil-park-2026\/"]}]},{"@type":"ImageObject","inLanguage":"mlt","@id":"https:\/\/sustainabledevelopment.gov.mt\/mt\/event\/lejla-fil-park-2026\/#primaryimage","url":"\/wp-content\/uploads\/2026\/08\/CoverPhoto-2.png","contentUrl":"\/wp-content\/uploads\/2026\/08\/CoverPhoto-2.png","width":1640,"height":720},{"@type":"BreadcrumbList","@id":"https:\/\/sustainabledevelopment.gov.mt\/mt\/event\/lejla-fil-park-2026\/#breadcrumb","itemListElement":[{"@type":"ListItem","position":1,"name":"Home","item":"https:\/\/sustainabledevelopment.gov.mt\/mt\/home\/"},{"@type":"ListItem","position":2,"name":"Events","item":"https:\/\/sustainabledevelopment.gov.mt\/event\/"},{"@type":"ListItem","position":3,"name":"Lejla fil-Park 2026"}]},{"@type":"WebSite","@id":"https:\/\/sustainabledevelopment.gov.mt\/#website","url":"https:\/\/sustainabledevelopment.gov.mt\/","name":"Sustainable Development","description":"Environment, Society, Economy","potentialAction":[{"@type":"SearchAction","target":{"@type":"EntryPoint","urlTemplate":"https:\/\/sustainabledevelopment.gov.mt\/?s={search_term_string}"},"query-input":{"@type":"PropertyValueSpecification","valueRequired":true,"valueName":"search_term_string"}}],"inLanguage":"mlt"}]}</script>
<!-- / Yoast SEO plugin. -->

Lejla fil-Park: logħob, sport, ikel u divertiment għall-familja kollha! Ingħaqad magħna għal lejla mimlija attivitajiet edukattivi, sportivi u logħob għall-kbar u ż-żgħar. Iltaqa’ ma’ entitajiet governattivi, għaqdiet sportivi u volontarji u sir af aktar dwar kif tgħix ħajja aktar sostenibbli u b’saħħitha. Data: Il-Ġimgħa, 18 ta&#8217; Settembru 2026 Ħin: 6pm ‘il quddiem Post: Park ta’ [&hellip;]
